 a be y(-3). Let p(d) = 11*d**2 - 105*d - 224. Let n be p(-2). Calculate the highest common factor of n and a.
30
Suppose 9*d - 1598 + 482 = 0. What is the highest common factor of d and 4?
4
Suppose 0 = -5*d - 4*a + 136, 63*a + 8 = 65*a. Let q(g) = 4*g + 4. Let r be q(5). Calculate the greatest common factor of d and r.
24
Suppose -1 + 13 = a. Let f = 6 - a. Let j(v) = -v**2 - 10*v - 9. Let o be j(f). Calculate the highest common factor of o and 6.
3
Let x(m) = -2*m - 45. Let g be x(-23). Suppose 0 = -5*o + 11 - g. What is the highest common factor of o and 1?
1
Let j be (5015/2)/17 - 6/4. What is the highest common factor of 73 and j?
73
Suppose 2*j - 100 = -3*j. Let u = 55 - 55. Suppose 8*y - 234 - 6 = u. What is the greatest common factor of y and j?
10
Suppose 4*c - 137 = 995. Let t = c + -199. What is the greatest common factor of 12 and t?
12
Let a(u) = 7*u + 6. Let p be a(3). Let n be 18*3/(p/24). Suppose -h + n = 3*h. Calculate the highest common divisor of 60 and h.
12
Suppose 0 = 2*w + 3*l - 194, 6*l - 10*l - 508 = -5*w. What is the greatest common factor of w and 1150?
50
Let z(p) = -p**3 + 15*p**2 + 17*p + 30. Let f be z(16). Calculate the highest common factor of f and 115.
23
Suppose -4*p = -p - 45. Let o = 15 - 10. Let x = p - o. Calculate the highest common divisor of 25 and x.
5
Suppose -15*f + 14*f + 4*s = -2952, -2*f = 5*s - 5943. What is the highest common factor of f and 57?
57
Let b(m) = -m + 18. Let j be b(-21). What is the highest common divisor of j and 13?
13
Suppose 0 = -43*t + 37*t + 7872. What is the greatest common divisor of t and 32?
32
Let y = 55 - 52. Suppose -4 = -z, y*z - 8 + 62 = 2*c. Suppose 0 = -5*w + 34 + 21. What is the highest common factor of w and c?
11
Suppose 5*h + 1 = -4*k - 9, -2 = h + 3*k. Let p be 4/(-8) - 11/h. Calculate the greatest common factor of p and 35.
5
Suppose -2*a + 49 = -5*c - 58, c = -2*a + 113. Calculate the highest common factor of a and 7.
7
Suppose -33 = -2*i + 23. Let d be ((-1)/(-2))/(6/(-4)*(-11)/132). Calculate the greatest common factor of i and d.
4
Suppose -2*i - 52 = -6*i. Suppose 3*v - 77 = -2*w - 389, 0 = -4*v - 2*w - 414. Let b = v - -154. Calculate the highest common factor of i and b.
13
Let x = 93 + -89. Suppose 0 = 2*o - 3*y - 34, 17*o + x*y = 13*o + 88. Let d(j) = -19*j + 5. Let w be d(-5). What is the highest common factor of o and w?
20
Let q be (18/(-12))/((-3)/10). Suppose q*m - 305 = -n, -3*n + 3*m = -0*n - 825. Calculate the highest common factor of n and 28.
28
Let r be 114*((-3)/2 - -2). Let s be (268/10)/((-5)/(-25)). Let n = s - r. What is the greatest common divisor of n and 7?
7
Let z(u) = -u**3 + 9*u**2 + 68. Let d be z(9). What is the greatest common divisor of d and 102?
34
Suppose 4*u - 26 + 2 = 0. Let m = u - 8. Let q be (-46)/(-10) - m/5. What is the greatest common factor of 50 and q?
5
Suppose 0 = -40*k + 38*k + 90. Calculate the highest common divisor of 27 and k.
9
Suppose x = 3*v - 0*v + 9, 0 = -3*x + 4*v + 22. Let w(l) = -8*l + 18. Let b be w(-8). Let h = b + -34. What is the highest common divisor of h and x?
6
Let f = -35 + 41. What is the greatest common factor of f and 72?
6
Let d(h) be the third derivative of h**5/20 + h**4/8 - 5*h**3/3 - 9*h**2. Let o be d(5). Calculate the highest common divisor of 10 and o.
10
Let z(f) = -f**3 - f**2 - f + 4. Let q be z(0). Suppose h = -0*h - 4, q*r - 5*h - 160 = 0. Calculate the greatest common divisor of r and 7.
7
Suppose 0 = i - 4*i. Let c = i - -3. Suppose z = -3*g + 1, -c = 2*z + 2*g - 5. What is the greatest common divisor of z and 4?
1
Suppose -131*u = -86*u - 22950. What is the greatest common divisor of u and 102?
102
Let w be (-32)/(-6)*(3 + (7 - 4)). Calculate the greatest common divisor of w and 6.
2
Suppose -2*b + 4*n = -328, 5 - 1 = n. Calculate the highest common factor of 43 and b.
43
Suppose 0 = 4*c - 39 + 555. Let s = 193 + -276. Let q = s - c. Calculate the highest common factor of 23 and q.
23
Suppose 3*m = 1109 + 55. Suppose -2*c - 3*k = -m, -3*c - 4*k + 776 = c. Let w = -89 + c. Calculate the greatest common factor of w and 15.
15
Suppose 20*g - 898 = -218. Calculate the greatest common divisor of 1 and g.
1
Suppose 40 = 4*t + 12. Let y = 2373 - 2317. What is the highest common factor of y and t?
7
Let g(w) = w**2 - 18*w + 22. Let b be g(17). Suppose s + b*s = 300. What is the highest common factor of s and 50?
50
Suppose 4 - 4 = 10*i. Suppose i*q - 42 = -2*q + 5*k, 4*q = 2*k + 84. What is the highest common factor of 7 and q?
7
Let c be (-6)/(2 + (-5)/2). Suppose -2*h - y + 586 = y, -3*h + 872 = -4*y. Let u be (-14)/21 + h/6. What is the highest common divisor of u and c?
12
Let b be 2800/40*(-3)/(-2). What is the highest common divisor of 294 and b?
21
Let r(g) = -2*g + 16*g**2 + 2 - 3 + g**2. Let f(h) = -h**3 - 4*h**2 - h - 5. Let m be f(-4). Let b be r(m). What is the greatest common divisor of 2 and b?
2
Suppose o - 16 = -2*v + 87, v = 2*o - 226. Calculate the greatest common factor of 148 and o.
37
Suppose 4*i + 3*w + 27 = -0*i, -3*w - 21 = 3*i. Let z be 18/(-4)*16/i. Let b = 289 + -281. Calculate the highest common divisor of z and b.
4
Let p = -32 + 34. Suppose 2*v + 4 = p*x + 2, 4*v + x = 16. Suppose -v*g = k - 0*k - 47, -5*k - 2*g + 274 = 0. What is the highest common factor of k and 140?
28
Let s be 1991/22 - ((-1)/2 + -1). What is the highest common divisor of s and 161?
23
Let w = 600 - 573. What is the greatest common factor of 297 and w?
27
Let i(s) = 15*s**2 + s. Let a be i(1). Let d = -402 + 514. Calculate the highest common factor of a and d.
16
Suppose -4*r + 17 = 5. Let a = -292 + 319. What is the highest common factor of a and r?
3
Suppose o - 8*n - 463 = -6*n, 2*o - 971 = -5*n. What is the greatest common factor of 43 and o?
43
Suppose -8 = 4*f, -18*d - f + 478 = -14*d. What is the greatest common divisor of 225 and d?
15
Let c be 14/(((-51)/255)/((-2)/5)). What is the greatest common factor of 2590 and c?
14
Let c(s) be the second derivative of -s**3/3 + 15*s**2 - 10*s. Let i be c(0). Suppose 36*w - 31*w = i. What is the highest common divisor of w and 24?
6
Let k be (5/(-4))/(3/(-48)). Let u be (3 + -6 + 4)*22. Let r = u + -17. What is the highest common factor of r and k?
5
Let f(g) = g**3 + 9*g**2 + 13*g - 6. Let u be f(-6). Suppose -t + 3*m + 4 = -2, 2*m - 12 = -2*t. Calculate the highest common divisor of u and t.
6
Let w = -20 - -24. Let u = 5 + w. Calculate the greatest common factor of u and 9.
9
Let c = -155 + 288. Suppose 5*p - c = r - 2*r, -5*p = -r - 127. What is the highest common factor of 130 and p?
26
Let q(o) = o**3 + 36*o**2 + 37*o + 80. Let h be q(-35). What is the greatest common factor of 45 and h?
5
Let f(d) = -2*d**3 - 7*d**2 - 2*d - 5. Let n be f(-5). Let q = n + -56. What is the highest common factor of q and 8?
8
Let u be -2 - -15 - (-16)/4. Let p be (15 - u) + (-1 - -14). Suppose -3*q + 46 = -p. Calculate the highest common factor of q and 171.
19
Let u = -21 + 39. Let h be (-16)/(u/(-8) + 2). Suppose 3*x - h = -13. Calculate the greatest common divisor of 51 and x.
17
Let g = -19 - -5. Let k be 7/g + 11/2. What is the greatest common divisor of k and 5?
5
Let q(u) = 25*u**3 + u**2 - 3*u + 3. Let c be q(1). What is the highest common factor of 1 and c?
1
Let a be -1 + (-7)/(35/(-15)). Suppose a*f - 112 = 112. Suppose 2*w = -2*w + 56. What is the greatest common factor of f and w?
14
Let o = 1883 + -1791. Calculate the highest common factor of o and 20.
4
Suppose 6062 = 8*x + 878. What is the greatest common divisor of 120 and x?
24
Let b be (-1 + (-2)/(-6))/((-3)/45). Suppose -o = -1 - b. What is the highest common factor of 44 and o?
11
Suppose 10*k - 1 = 9*k. Let t be (0 + k)/((-2)/(-88)). Suppose -3*n + t = -4*g, 2*g + 2*g = 5*n - 68. What is the highest common factor of n and 6?
6
Let x be (1 + -1 - -7)/1. Suppose 3*g - 32 = x. Suppose -2*l = 3*n + 1, n - 3*l = 5 + g. What is the highest common factor of n and 21?
3
Let s = 16 + 6. Let p = 5118 + -5063. What is the highest common factor of p and s?
11
Let l = -15 + 29. Let h = 133 - 921. Let d be (-12)/42 - h/14. Calculate the highest common factor of d and l.
14
Let u(t) = -t**3 + 6*t**2 - 3*t + 4. Let i be u(5). What is the greatest common divisor of 6 and i?
2
S